ber?
True
Suppose -4*b + 842 = -1602. Let k = -400 + b. Is k a prime number?
True
Is (-226)/(-6)*3 + 2 a prime number?
False
Let r be 7 - 3/((-6)/2). Let p be 6 + (-1 - -1) + -2. Suppose 0 = p*o - 0*o - r. Is o a prime number?
True
Let d = 58 + -24. Is d a composite number?
True
Let g(l) = -l**2 - 5*l - 3. Let z = -2 - 1. Let r be g(z). Suppose 0 = 4*x - 5*j - 191, -x + 3*j + 193 = r*x. Is x a composite number?
True
Suppose 0 = 8*j - 10*j + 46. Is j prime?
True
Is 26/65 - (-273)/5 composite?
True
Suppose -565 = -6*z + z. Let u be 3/9 + 19/(-3). Let k = z - u. Is k prime?
False
Let g(h) be the second derivative of 28*h**3/3 - h**2/2 + 2*h. Is g(1) a prime number?
False
Let y(b) be the first derivative of 8*b**3/3 + 7*b**2/2 - b + 5. Is y(6) prime?
False
Suppose -30526 + 7231 = -5*u. Is u a composite number?
True
Let y = 775 + -423. Suppose -3*i - m = -y, 3*i - 8*i - 5*m = -590. Let l = -52 + i. Is l prime?
False
Let m = 4 - 7. Let r be (-2 - -1)/(2 + m). Is 19 - ((-2 - 2) + r) composite?
True
Let t(v) = -22*v**3 + 7*v**2 - 2*v - 8. Is t(-5) prime?
True
Suppose 5*m + 0*m - 2*b + 110 = 0, 2*b + 70 = -4*m. Is (-163)/(-5) - 8/m composite?
True
Let t = 0 - -5. Suppose 5*p - 4*x = 83, 53 = -p + 3*p + t*x. Is p a composite number?
False
Let j = -24 + 55. Suppose -6 = 5*q + 2*h, -2*q - 3*h = -q + 9. Suppose q = -2*a - 2*a - 5*n + j, -5*a - 3*n = -55. Is a composite?
True
Let n(z) be the second derivative of z**4/12 + z**3/3 + z**2/2 - z. Let l be n(-4). Suppose -l - 2 = -g. Is g a prime number?
True
Let u be -2*4/(1 - 2). Suppose -30 - u = -2*r. Is r prime?
True
Let y(j) = -436*j**3 - 2*j - 1. Let c be y(-1). Suppose -5*v = -3*v - o - 417, 2*v = -3*o + c. Suppose 0 = -2*i + i + v. Is i prime?
True
Suppose 3*p - p = 192. Let v = p - 43. Is v a composite number?
False
Let o(k) = -14*k + 25. Let p(s) = -21*s + 37. Let y(f) = 7*o(f) - 5*p(f). Let m be (-1 - -7) + (3 - 2). Is y(m) a prime number?
False
Let h(f) = f**2 - f + 33. Is h(14) a prime number?
False
Let z(i) = -i**3 - 8*i**2 + 9*i + 2. Let r be z(-9). Suppose 5*l + 0*v = v + 391, -r*v = -5*l + 387. Is l prime?
True
Let d = 121 + -190. Suppose 0*v - 5*v = 800. Let r = d - v. Is r a prime number?
False
Let i(z) = z**2 + z. Let v(l) = -304*l**2 + 2*l + 1. Let c(f) = 2*i(f) - v(f). Let s be (-4)/(-6) - 7/(-21). Is c(s) composite?
True
Let f(u) = 163*u - 18. Is f(19) a composite number?
False
Suppose -52 = 2*m - 3*m. Let b(g) = g**2 - 2*g + 3. Let v be b(2). Suppose v*i = 5*o - m - 133, 0 = 3*o + 2*i - 111. Is o composite?
False
Suppose 16 = 3*a - 95. Let i = -22 + a. Is i composite?
True
Let n(k) = 2*k**2 + 4*k + 12. Is n(5) prime?
False
Let g(c) = c**3 - 2*c**2 - 1. Suppose 4*b - b = -i + 12, -4 = -b + i. Is g(b) a composite number?
False
Is (-2)/6 + 1668/9 a prime number?
False
Suppose 4*v + 0*g = -2*g + 12, 0 = 3*v - 2*g + 5. Is 52 + (v - (-2 - -2)) a composite number?
False
Let z be (-34)/(-3)*9/3. Let v(x) = -x**2 + 10*x - 10. Let k be v(7). Suppose f + k = z. Is f a prime number?
True
Let y(f) = f**2 - 3*f + 43. Is y(-31) a prime number?
True
Suppose 5*i = -5*c + c + 15, i = 5*c + 3. Suppose i*n + 120 = 999. Is n composite?
False
Is -3*(2/6 + (-1 - 220)) a composite number?
True
Let b be -61*(0 - -1) - 1. Let j(h) = -72*h - 3. Let w be j(-2). Let y = w + b. Is y composite?
False
Let h be (8/12)/((-2)/(-6)). Suppose 0 - h = j. Is 0 - 0 - (-5 + j) composite?
False
Suppose -2*w - 40 = 4*b - 0*b, 0 = 5*w - 20. Is 3/2*(-16)/b composite?
False
Is -1 - 0 - (-556 + 2) a composite number?
True
Let m(t) = t**2 - 4*t + 7. Let j = -3 - -10. Let s be m(j). Suppose a = s + 49. Is a a composite number?
True
Let a = -1028 + 1780. Suppose -4*p + 1924 = a. Is p composite?
False
Let j(x) = 4*x - 3. Let m be 2*9/2*1. Is j(m) composite?
True
Let i be (6/15)/(1/(-5)). Is ((-4)/12)/(i/282) a composite number?
False
Suppose -7*p = -2*p - q - 27, -p = -4*q - 13. Is (7/2)/(p/10) a prime number?
True
Suppose 0 = 4*o - 1 - 19. Suppose o = -3*q + 2. Is ((-79)/(-4))/(q/(-4)) composite?
False
Let f = 13 - 15. Is ((802/(-1))/1)/f a prime number?
True
Let t = 28 + -25. Suppose 2*c = -c - y + 665, y + 661 = t*c. Is c a composite number?
True
Is (-3 - -82)/(4/28) a composite number?
True
Is (-20148)/(-20) - (-2 - 12/(-5)) a prime number?
False
Let a = -6 + 7. Let u be (a - 1)/(-1 - 0). Suppose u*f + f = 93. Is f a prime number?
False
Let x = -5 - 0. Let z(p) = 3*p**2 + 2*p - 6. Is z(x) a composite number?
False
Suppose -3*s + f + 3*f - 69 = 0, 4*f + 92 = -4*s. Let b(z) = -z**3 + z**2 + 3*z - 3. Let i be b(3). Let j = i - s. Is j composite?
False
Let u(b) = b**2 + 5*b + 9. Let s be u(-3). Let y(z) = 4*z + 0*z + 10*z**2 - 4 - 5*z. Is y(s) composite?
False
Suppose -15698 = -5*k - 543. Is k a composite number?
True
Is (0 + 8859)*(-13)/(-39) - 0 a composite number?
False
Is -4*((-2769)/12 - -4) a composite number?
False
Is (-9)/(-6)*(1 - -105) a composite number?
True
Suppose -3*n = f - 5, -f - 2*f = -2*n + 7. Let a(c) = c**2 - c - 2. Let v be a(n). Suppose v = -5*d + 120 + 35. Is d a composite number?
False
Suppose -8*u = -9*u + 43. Let v = u - -70. Is v composite?
False
Suppose 4 - 44 = -4*w. Let d = 44 - w. Is d a composite number?
True
Let x(j) = -1 - 2*j**2 + 0*j**2 + 3*j**2 + j. Suppose 4*n + 3*i = -22 - 0, 3*n = -3*i - 18. Is x(n) a prime number?
True
Suppose 0 = -0*n - 2*n - 4. Let f = -2 + 13. Let q = n + f. Is q composite?
True
Suppose 3*d + 10 = -2. Let i be 0/(1 + d/2). Is (1 + i)/((-1)/(-133)) prime?
False
Let g be 1 + -1*83*1. Let z(b) = 11*b + 7. Let y be z(-6). Let v = y - g. Is v prime?
True
Let c(g) = -4*g**3 - 13*g**2 - 2. Let b(w) = 3*w**3 + 12*w**2 + 1. Let f(m) = -5*b(m) - 4*c(m). Is f(8) a composite number?
False
Suppose 560 - 5 = -5*c. Let p be 2 - (1 + -1) - c. Suppose -m + p = 5*v, -5*m + 0*m = -2*v + 29. Is v a prime number?
False
Let j(w) = -w**2 - 2*w + 3. Let i be j(-3). Suppose 2*n - 4*n + 154 = 0. Suppose m + i - n = 0. Is m prime?
False
Let b be 1180/12 - (-1)/(-3). Let o = b - 51. Is o a prime number?
True
Let i(a) = a**2 - 9*a - 1. Let z be 0 - (5 + -4) - 5. Is i(z) prime?
True
Is (1 - 1) + (-5 - -688)/1 a prime number?
True
Suppose 5*q + 2*m - 3841 = 0, 2*m - 4*m = -3*q + 2295. Is q a composite number?
True
Let i = 93 + 70. Is i a composite number?
False
Let g be 1532/12 - 4/6. Suppose -4*w - g = -359. Is w a prime number?
False
Let g(x) = x + 10. Let o be g(-11). Is -2 + (o - -2) + 488 a composite number?
False
Suppose -3*f + 2*f = 25. Let h = -2 - f. Is h a prime number?
True
Let d = -59 + 20. Is 7/(-14) + d/(-2) prime?
True
Let g = -144 + 411. Is g a composite number?
True
Let n(k) = -7*k + 3. Let l be n(7). Let b = l + 89. Is b a prime number?
True
Let l = -5 + 5. Suppose l = 4*k - b - b - 34, -4*k + 40 = -4*b. Is k composite?
False
Let n(i) = 18*i**3 - 3*i**2 - 4*i - 4. Let m be n(-4). Is (-2)/(-4) - m/8 a prime number?
True
Is ((-958)/(-4))/((-10)/(-20)) a prime number?
True
Suppose 5*h - 6*h - 7 = 0. Let f(d) = -d**2 - 4*d + 3. Let m be f(h). Is (6/m)/(1/(-633)) prime?
True
Let n(z) = 21*z**2 + 8*z + 7 - 6*z**2 + 0. Is n(-6) prime?
True
Suppose 0 = 2*x - 4*x + 150. Let d = x + -44. Is d a composite number?
False
Suppose -4*n + 3*n + 4 = 0. Let h be ((-3)/(-2))/(2/n). Suppose -h*m - 5*o - 30 = -168, 3*m - 138 = o. Is m composite?
True
Let t(c) be the second derivative of c**4/12 + c**3 - 3*c**2/2 - c. Let g be t(-7). Suppose g*z = 17 + 7. Is z a composite number?
True
Suppose 0 = b + 4*b - 10. Suppose 2*z = -0*z + b. Is z + 0 - (-2 - 6) a prime number?
False
Let q be (0 + -1)*-7 - -1. Suppose -r + 4*f - 12 = 0, 3*r = f + 4*f - q. Let s = 13 - r. Is s composite?
True
Let a = -3 + 3. Suppose a*c + c - 39 = 2*o, 2*c + 4*o = 46. Is c a composite number?
False
Let v(j) = -5*j - 4. Let s(m) = -5*m - 16. Let u(o) = 3*o + 11. Let k(d) = 5*s(d) + 7*u(d). Let i(t) = -3*k(t) + 2*v(t). Is i(1) composite?
False
Let c = 453 - 198. Suppose -318 = -3*t + c. Is t a prime number?
True
Let c(f) = f**3 + 10*f**2 + 13*f + 9. Let j be c(-8). Suppose 4*z - j = 27. Is z composite?
True
Let q be (-6)/(-21) - (-164)/14. Let t be (q + -1)*2 + -1. Let l = 54 - t. Is l a prime number?
False
Let x be 1/(-2)*-8 + -1. Let z(a) = a - 6 - x - 3*a. Is z(-6) prime?
True
Suppose -4*k = -5*g + 8722, -g - 2*k + 7*k = -1757. Let